10*o**3 + o**2. Let n = 7 + -12. Let b(j) = j + 6. Let t be b(n). Give a(t).
-9
Let t(g) be the second derivative of -2*g**3/3 + g**2/2 + 2*g - 42. Let u be (-3)/6 + 3/(-2). Give t(u).
9
Suppose 9*w + 4 = 8*w. Let b(l) = -l - 4*l**2 - 2*l**2 + 102 - 101 - l**3 + l**2. What is b(w)?
-11
Let a(l) = -3078*l**2 - 12*l + 6146*l**2 - 3069*l**2 + 10. Determine a(-12).
10
Let g = 2008 + -2025. Let u(l) = l**2 + 19*l + 38. Calculate u(g).
4
Suppose 2*l = -2*c - 2, -3*l + 2*c + 14 = l. Let i(q) = 4 + 14*q**2 - 3 + 1 - 17*q**l - q**3. Determine i(-2).
-2
Let g(d) = -6*d + 5*d - d**3 + 0*d. Determine g(2).
-10
Let c(o) = -o**2 - 4*o + 2. Let q(v) = -v**3 - 2*v**2 + v - 1. Let h be q(-4). Let k = h + -32. What is c(k)?
-3
Let y = 15 + -14. Let h be (4 - y) + 7/(-7). Suppose -h = 6*u - 7*u. Let w(t) = 2*t. Calculate w(u).
4
Let s be ((-7)/14)/(-1)*28/2. Let t(n) = 6 + 0 + 2 - s - n. What is t(-3)?
4
Let u(h) be the second derivative of 1/20*h**5 - 4*h - 5/2*h**2 + 1/3*h**4 - 1/2*h**3 + 0. What is u(-5)?
-15
Let u(p) = -2*p**3 - p**2. Let n(j) = -9*j**3 - 9*j**2 + 2. Let h(w) = -n(w) + 5*u(w). Let l be 0/(-1)*1/(-2). Suppose l = -3*s - 7 + 16. What is h(s)?
7
Let d = -28 - -29. Let c(s) = 2*s - d + 3 - 7*s + 0*s. Calculate c(3).
-13
Let b(i) = i + 8. Let w be b(-3). Let h(s) = -4*s**2 + 2 + w*s - 8*s**2 - s**3 + 14*s**2. What is h(4)?
-10
Let g(f) = 5 + 456*f - 150*f - 149*f - 153*f. Determine g(2).
13
Let v(g) = g**2 - 10 + 9 - 5*g + 2. What is v(9)?
37
Let o(p) = -4*p - 9. Let x be (3 - -1)/(24/(-36)). Determine o(x).
15
Let m(g) be the second derivative of 2*g**3/3 + g**2/2 + 85*g - 1. Determine m(6).
25
Let g(x) = 11*x**3 + x**2 - 8*x + 14. Let h be g(5). Let v(z) = 4 + 9 + h*z - 1375*z. Determine v(11).
2
Let z(t) = -t**3 - 4*t**2 - 2*t. Let b be z(-3). Let f(l) be the second derivative of l**4/12 + l**3/6 - l**2/2 + 11*l. Determine f(b).
5
Let c(z) = -z**3 - 12*z**2 + 14*z + 9. Let h(u) = -u**3 - 9*u**2 + 4*u + 23. Let j be h(-9). Give c(j).
-4
Suppose -b = -3*b + 4. Let j(s) be the third derivative of -1/6*s**3 + 0 + 1/24*s**4 + 8*s**2 + 0*s. Determine j(b).
1
Let f(n) = n**3 - 34*n**2 - 37*n + 67. Let p be f(35). Let j(k) = k**3 + k - 4. Determine j(p).
-34
Let q(s) be the third derivative of 0*s + 11/6*s**3 - 11*s**2 - 1/6*s**4 + 0 - 1/60*s**5. Determine q(-8).
-21
Let b(t) = -10*t + 152. Let w be b(15). Let n(x) = 7*x - 3. Calculate n(w).
11
Let r(h) = 11*h - 24. Let x(k) = -3*k + 2. Let t(z) = -r(z) - 4*x(z). What is t(5)?
21
Let z(d) be the first derivative of 3*d**2/2 - 3*d - 70. What is z(3)?
6
Let a(b) be the second derivative of 4*b**2 - 1/12*b**4 + 0 + 17*b + b**3. Determine a(7).
1
Let c(g) = -g**2 - 1 + 3003*g**3 + 0 - 3004*g**3 + 0. Give c(-2).
3
Let m(f) = 4*f**2 + 3*f + 1. Let x(g) = -g + 8. Let t be x(7). Let r(q) = -3*q**2 - q + 2. Let i be r(t). Give m(i).
11
Let o(y) be the third derivative of -y**2 - 1/6*y**3 + 0 + 1/6*y**4 + 0*y. Let f(v) = -v**2 + 8*v - 8. Let b be f(7). Give o(b).
-5
Let n(a) be the first derivative of a**3/3 + 5*a**2/2 - 11*a - 44. Determine n(-6).
-5
Let l(y) be the first derivative of 3*y**2/2 + 47*y + 487. Calculate l(-17).
-4
Suppose 9 - 33 = -8*q. Let o be (12/(-2))/(12/(-8)). Let i(t) = -o + 3*t - t**2 + 3 - 2*t - 2. Calculate i(q).
-9
Let y(h) = h**3 - 9*h**2 + h - 20. Let t = -1641 + 1650. Calculate y(t).
-11
Let c(n) be the second derivative of 1/4*n**4 + 0 - 1/20*n**5 + n**2 - 33*n + 1/6*n**3. What is c(3)?
5
Suppose 0 = -2*c - 10 + 14. Suppose -8 + 0 = c*a. Let f(p) = 3 + 2*p + 2 - 4. Calculate f(a).
-7
Let z(j) = -17*j - 76. Let s be z(-4). Let x(v) = -v - 9. Calculate x(s).
-1
Let o(n) = n. Let t(s) = -9*s**2 - 4 + 3 + 4*s**2 + 5*s + s**3. Let p be t(4). Let d = 1 - p. Give o(d).
-2
Let p(a) be the first derivative of a**6/120 + 11*a**5/60 + a**4/2 + 11*a**3/6 + 3*a**2 + 42. Let t(g) be the second derivative of p(g). Calculate t(-10).
-9
Let d(c) = -c - 4. Let x = -17 - 21. Let t = x + 35. Give d(t).
-1
Let w(f) = -f**2 + 18*f - 90. Let t be w(8). Let c(y) = -y - 17. What is c(t)?
-7
Let d be -5 + (-3 - -8) + -2. Let y(o) = -o**3 + 6*o**2 + 7*o + 3. Let g be y(7). Let m(b) = -1 + 3*b**3 - g*b + 4 - 4*b**3 - 6 - 2*b**2. What is m(d)?
3
Let l(n) be the third derivative of -n**5/60 + n**4/4 + 31*n**3/6 + 76*n**2. Give l(9).
4
Let c = 27 + -24. Let l(h) = 188*h**c + h - h - 191*h**3 + 1 - 3*h**2. What is l(-2)?
13
Let f(q) = q**3 - 5*q**2 + 6*q. Let z(h) = -9*h**2 + 31*h - 7. Let n be z(3). What is f(n)?
30
Let t(j) = -2*j**2 + 3*j. Let r be (-34)/(-8) - (-1)/(-4). Suppose r*o = o - 45. Let y be ((-8)/(-6))/((-10)/o). Calculate t(y).
-2
Let b = 12 - 3. Let o = -5 + b. Suppose -11 - 1 = -o*l. Let t(v) = v**2 - 5*v + 3. What is t(l)?
-3
Let s(y) = -13*y**3 - 11*y**2 - 9*y + 16. Let h(k) = -24*k**3 - 21*k**2 - 17*k + 30. Let b(o) = -6*h(o) + 11*s(o). Give b(-5).
-19
Let b(l) be the third derivative of -l**4/24 + l**3/3 + l**2. Let c = 37 + -2. Let y = 32 - c. What is b(y)?
5
Let n(v) be the second derivative of -v**4/12 - 5*v**3/3 - 2*v**2 - 402*v. What is n(-8)?
12
Let f(z) = -z - 14. Let q = 1121 + -1121. What is f(q)?
-14
Let l(d) be the first derivative of 3*d**4/4 + d**3/3 - d**2/2 - d + 96. Give l(-1).
-2
Let n(d) = d**3 - 6*d**2 + 3*d. Let f = -257 - -262. Calculate n(f).
-10
Let v be (12/32)/(51/68). Let r(p) be the first derivative of -v*p**2 + 7 - 8*p. Give r(-5).
-3
Let g(x) = -2*x**2 - x + 2. Suppose 12*t - 628 = -232. Suppose 5*a + t = 23. Determine g(a).
-4
Let m(q) = 2*q**2 - 12*q + 41. Let l be m(3). Let a(n) = -n**2 + 22*n + 8. Give a(l).
-15
Suppose -5*m - 2*a - 28 = 0, 2 = -5*m - 4*a - 24. Let h(v) = 0 - 253*v - 8 + 252*v. Give h(m).
-2
Let c(o) = 10*o + 44. Let t be c(-4). Let v(u) = -u**2 - 3*u + 1. Let s be v(-2). Let f(x) = -2*x**3 + 4*x**s + 5*x**2 - x**3 - 2*x**3 - 4*x. Give f(t).
0
Suppose -5*g = 3*u + 31, -3*u + 35 = -5*g - 8*u. Let o be (-6)/(-5) - (-80)/100. Let k(i) = 4*i - 7*i**2 + 10*i**2 - 2*i**o - 7. What is k(g)?
-2
Let h(g) = -2*g + 8. Let b(k) = k - 2. Let p(c) = 3*b(c) + h(c). Suppose 2 = s - 0. Calculate p(s).
4
Let b be (0/(-4 - -1))/(-11 + 12). Let g(w) = w**3 - 2*w + 13. Calculate g(b).
13
Let i be 2/3 - 15/24. Let c(z) be the third derivative of i*z**4 + 3*z**2 - 1/60*z**5 + 0 + 1/2*z**3 + 0*z - 1/120*z**6. Calculate c(0).
3
Let i(z) be the first derivative of -3*z**2/2 + 456. Determine i(-4).
12
Let v(u) = u**3 - 9*u**2 + 9*u - 2. Suppose -9*i = -8*i - 105. Let z = -97 + i. What is v(z)?
6
Let f(x) = x**3 - 7*x**2 + 4*x - 5. Let w = -134 - -33. Let h = -141 - w. Let i = h - -46. Calculate f(i).
-17
Let t(o) be the first derivative of 3/2*o**2 + 7 - o. Let l(p) = p**2 - 4*p + 4. Let h be l(3). Calculate t(h).
2
Let p be 18/(-20)*((-1417)/234 - -6). Let y(s) be the second derivative of 1/2*s**2 - p*s**5 + 8*s + 0 - 7/6*s**3 - 7/12*s**4. Calculate y(-6).
7
Suppose -g - 3 = q - 12, g + 3*q - 17 = 0. Let u(w) = -1 + 0*w + w**2 + g*w + w**3 - 2*w**2 - 4*w**2. Let h be ((-32)/(-24))/((-1)/(-3)). Give u(h).
3
Let l = -1289 + 1284. Let y be 34/9 - (-4)/18. Let o(a) = -a - y - 3 + 4. Determine o(l).
2
Suppose -3*r + 0*r = 3. Let p(b) = 6*b**2 + b. Let i be p(r). Let f(h) = 61*h**2 + 4 - 57*h**2 - h**3 + 13*h - 10*h. What is f(i)?
-6
Let x(k) = -6*k + 20. Let o be x(3). Let g(c) = -c**2. Calculate g(o).
-4
Let l(v) = -v - 7. Suppose -u + 6 = 2*u. Let y(w) = 2*w + 1 + u*w + 0. Let d be y(-1). Determine l(d).
-4
Let c(q) = q**2 - 15*q - 41. Suppose -39*h + 4*j + 13 = -38*h, 83 = 5*h - 2*j. Determine c(h).
-7
Let d(x) = 10*x - 3. Let r(g) = -3*g + 1. Suppose -12 = 13*n - 16*n. Let v(y) = n*d(y) + 14*r(y). Give v(-3).
8
Suppose 2*y + 5*f = y - 9, 0 = 4*y + 4*f + 4. Let a(c) = 3 - 2 + 3*c - 6*c. What is a(y)?
-2
Let v = 62 + -50. Let z(q) = -q**3 + 11*q**2 + 15*q + 6. Let x(t) = t. Let a(p) = 4*x(p) - z(p). Give a(v).
6
Let c(k) = 2*k**3 - 2*k**2 - 3*k. Suppose 123 = 39*n + 6. Determine c(n).
27
Let g be (-13)/(-11) + (-18)/99. Suppose 4*d - g - 11 = 0. Let y be (0 + d)*(-4)/3. Let v(o) = 3*o - 4. Determine v(y).
-16
Let s(q) = -q**2. Let j be 1/(0 + 0 + -1). Let w be (-1)/(-2)*4*j. What is s(w)?
-4
Suppose 3*g = -0 - 6. Let b(k) = -6*k**3 - 12*k**3 - 7*k**3 + 1 + 22*k**3 - 2*k**2 - 2*k. Give b(g).
21
Let j(k) = 5*k - 6. Let h(x) = 2*x - 3. Let s(v) = -7*h(v) + 3*j(v). Let